 2*b - g. Let y = b - -33. Let w(a) = 5*a + 2. Let p(m) = m. Let r(o) = 6*p(o) - w(o). Determine r(y).
-8
Let t(d) be the third derivative of -d**4/12 - d**3/2 - 6686*d**2. Suppose 0*q = 2*q. Suppose 7*w - 2*w + 20 = q. Calculate t(w).
5
Let r(i) be the third derivative of 2/3*i**3 + 0*i - 67*i**2 + 1/24*i**4 + 0. Give r(-9).
-5
Suppose 2*z + 214 = 222. Let u be ((-1)/((-5)/z))/((-2)/15). Let o(g) = 3*g + 5. Give o(u).
-13
Let i(p) = -8*p + 123. Suppose 0 = 3*c - 2*h - 34, 19*h - 17*h + 4 = 0. What is i(c)?
43
Let x(y) = -13*y**2 - 3*y + 10. Let a(k) = 28*k**2 + 6*k - 21. Let n = 242 - 236. Let p(z) = n*a(z) + 13*x(z). What is p(-6)?
-14
Let x(r) = r**3 - 3*r**2 + 1. Suppose 0 = -381*h + 384*h - 12. Suppose 393 = h*q + 381. Give x(q).
1
Suppose -26*i + 28*i = 4. Let b(f) = -13*f + 5 + 7 - f**2 - 2 - i. Calculate b(-13).
8
Let d(g) = g**2 - 1 + 6 + 15675*g - 15667*g. Let v = -278 - -269. Determine d(v).
14
Let z(o) = o**3 - 9*o**2 - o + 4. Let v = 426 - 417. Let k be z(v). Let f(u) = -u**3 - 5*u**2 + 6*u + 6. Determine f(k).
-24
Let f = 489 + -486. Let h(t) = -13*t + 8. Let y(j) = -11*j + 8. Let u(m) = -5*h(m) + 6*y(m). Give u(f).
5
Let j(q) = -q**2 - 2. Let v = 73 - 72. Let k be 9 + v + (1 - 0). Suppose -2 = 3*i + 4*l, l = -3*i + 6*l - k. Give j(i).
-6
Let k(c) = c**3 + 4*c**2 + 3*c - 3. Suppose 2047*q = 2043*q + 1512. Let i = 375 - q. Calculate k(i).
-3
Suppose 0 = -10*l + 11*l - 0*l. Let c be ((-10)/(-5))/(-2)*l. Let s(h) = -h - 2. What is s(c)?
-2
Let y(g) = -52*g**2 - 382*g - 1613. Let m(t) = 5*t**2 + 38*t + 161. Let c(q) = 21*m(q) + 2*y(q). What is c(-28)?
-13
Let o(x) = 2*x + 15. Let t = -4066 - -4079. What is o(t)?
41
Suppose 16 + 2 = -j. Let z(f) be the second derivative of -f**4/12 - 3*f**3 - 7*f**2 - 1335*f - 5. What is z(j)?
-14
Let b = 4489 + -4482. Let s(a) = -19*a + 130. What is s(b)?
-3
Let w(k) = -59*k**2 - 40*k - 15. Let c(h) = 42*h**2 + 28*h + 10. Let z(u) = 7*c(u) + 5*w(u). What is z(-4)?
-5
Let g(a) = -3*a**2 - 28*a + 19. Let n = -33441 - -33432. Determine g(n).
28
Let j(m) = 2*m - 2 - m - 2 + 5. Suppose 2*y + 2*d = 2, 5*d = -3*y - 0 + 5. Suppose 22 = -o + 5*u, y = -4*o - 2*u - 0*u - 22. Give j(o).
-6
Suppose -2*v + v = -3*k - 97, 3*k + 5*v = -91. Let d be -1 + 0 - k/8. Let j(x) = -2*x**2 + 5*x + d*x**2 + 30 - 26. What is j(-3)?
-2
Suppose 5 + 5 = 5*p. Let m be 6/(-7)*p/(6/(-63)). Let s(b) = 8*b + 8*b - m*b + 2. Give s(-3).
8
Let j(m) = 10 + 8*m**2 + 8*m**2 - 20*m**2 + 3*m**2 + 3*m - 2*m. Suppose 285*z = 291*z - 18. Calculate j(z).
4
Let q(v) = v + 8*v - v. Let a = 96496 - 96495. What is q(a)?
8
Let j = -299 - -331. Let x(t) = -31 - 7*t + j + 6*t. Suppose -12 = 5*h + 3. What is x(h)?
4
Let k(s) = -s**3 + 6*s**2 - 2*s - 4. Let g be k(5). Let n(l) = 57966*l**2 + 11*l - 5 + 57951*l**2 - 1 - 115929*l**2 + l**3. What is n(g)?
-6
Suppose -20*l + 2*l = -162. Let w(b) = 6 - b - l*b + 12*b. What is w(-9)?
-12
Let z(s) = -338*s + 919*s - 192*s + 10 - 191*s - 197*s. Let d(b) = -b**3 + 3*b**2. Let n be d(3). Let o = n - 0. Calculate z(o).
10
Suppose -29 = 13*x + 23 + 39. Let z(u) = -u**3 - 3*u**2 + 27*u + 18. Calculate z(x).
25
Let y = -1057 + 1063. Let p(b) = b**2 + b - 14. Determine p(y).
28
Let v(p) = -19*p + 1. Let s(i) = 17*i - 20. Let c be s(6). Let y = c + -80. Let h be (y - -2 - 5) + 2. Determine v(h).
-18
Let j = -62 - -54. Let x(o) = 15*o - 11*o - 5*o - 4. What is x(j)?
4
Let c(s) be the third derivative of s**5/60 + 5*s**4/12 - 5*s**3/2 + 384*s**2 - 1. Suppose -42 = 5*t + 5*m + 3, 5*t = -2*m - 51. What is c(t)?
-4
Let m(t) = -4*t - 30 - 13*t**2 + 3*t + 101 - 26 - 12*t**2 + t**3. Determine m(25).
20
Let y(i) = 53*i**3 - i**2 + 2*i - 14. Let v(n) = -54*n**3 + n**2 - 3*n + 18. Let q(m) = -4*v(m) - 5*y(m). Give q(1).
-48
Let r = -22 + -94. Let a = r + 121. Let s(k) = -a - 12*k**3 + 11*k**3 + 16. Calculate s(0).
11
Let g(b) = -b + 2*b**2 + 6*b**2 - 7*b**2 - 2*b + 16. Let t be g(0). Let d(r) = -r + 31 - t - 26. What is d(-7)?
-4
Let k(z) = -118 + 35 + 37 + 34 - 9*z. Determine k(-2).
6
Let z(o) be the first derivative of -2*o**2 + 107*o - 1617. Calculate z(25).
7
Suppose 0 = 44*s - 43*s - 1. Let h = 44 - 42. Let p(d) = h + 5*d - 1 + 8*d - 2. What is p(s)?
12
Suppose 6*t - 2*t + 24 = 0. Let w be (14/t - -4)*6. Suppose -w*i + 15*i = -45. Let p(y) = -y**2 - 9*y - 1. Determine p(i).
-1
Suppose -4*a = 6*i - i - 27, -i + 12 = 3*a. Let k(v) = v**2 - 4*v - 2. Give k(a).
-5
Let t(i) be the second derivative of -i**5/120 + 3*i**4/8 + i**3/3 - i**2 - i - 8. Let x(r) be the second derivative of t(r). Give x(4).
5
Let r(a) = -3*a - 24. Let h(k) = 5*k**2 - 78*k - 40. Let m(b) = -b**3 + b**2 + 21*b + 11. Let i be m(5). Let d be h(i). Calculate r(d).
0
Let p(a) be the first derivative of -10*a**3/3 - a**2 - a - 549. Suppose -7 = 4*q + 1. Let l(w) = 2*w + 3. Let r be l(q). What is p(r)?
-9
Let g(f) = -4*f**2 - f - 1. Let z(d) = 18*d**2 + 3*d + 11. Let s(r) = 4*g(r) + z(r). What is s(5)?
52
Let u(c) be the second derivative of c**3/6 + 2*c. Let n(q) = -q**2 + 9*q + 2. Let p be n(8). Let f = 5 - p. Calculate u(f).
-5
Suppose -2*j - 3 = -5*r - 5, 4*j - 2*r - 4 = 0. Let u be ((-4)/3)/(48/(-108)). Let s(v) = -2 + 2 - 1 + 6*v**u. Determine s(j).
5
Let m(t) = -4 + t + 3*t**2 + 3*t**2 - 5*t**2. Suppose -5*y + 6 = -3*w + 33, 5*y - 5*w + 35 = 0. Give m(y).
2
Suppose f - b + 116 - 123 = 0, 0 = f - 7*b - 37. Let u(s) = -s**3 + 2*s**2 + 26*s - 56. Calculate u(f).
-4
Let d(f) = -f**2 + 122*f + 111*f - 356*f + 123*f + 5. Calculate d(0).
5
Suppose 4*j - 3*j - 8 = -3*t, 5*t = -4*j + 67. Let s(v) = v - 1. Let h be s(6). Let m(r) = 7*r - 39*r**3 - h + j*r**3 + 15*r**3 + 5*r**2. Give m(6).
1
Let f(n) = 2*n**2 - 11*n + 4. Let j(b) = -b**2 + 33132*b - 33132*b + 10. Let c be j(2). Calculate f(c).
10
Suppose 1 = 4*a - 4*h - 11, 4*a - 10 = 5*h. Let d be 1*(8 + 5)*(-6)/(-3). Let z(o) = -7*o - 7 - 18*o + d*o + 0*o. Give z(a).
-2
Let h(d) = d. Let z(g) = -3 + 0*g + 2*g - g - 3*g. Suppose 9 = 4*i - 5*v, -9 = -2*i + 3*v - 2. Let k(o) = i*h(o) - z(o). Give k(2).
-1
Let v be (-2 - 8/4) + 12. Let r(j) = 5 - v + 4 - 14*j. Suppose -2*l + 2*t + 7 = -l, 9 = -l - 2*t. Determine r(l).
15
Let f(d) = -d + 20. Let y be (7 + -37 + 33)/((-3)/20). What is f(y)?
40
Suppose -5*z + 29 = 3*f, 3*f - 25*z + 27*z = 17. Let l(s) = -28*s + 79. Calculate l(f).
-5
Let r(q) = 0 - 3*q + 7 - 14. Let g be r(-3). Let y(k) = 3 + 84*k + k**g - k**2 - k**2 - 79*k. What is y(6)?
-3
Suppose -5*o + 23 = 3. Let w(p) = 7*p**2 - 7*p + 10. Let m = -30 - -25. Let v(a) = 11*a**2 - 10*a + 15. Let t(h) = m*v(h) + 8*w(h). What is t(o)?
-3
Let p(x) be the second derivative of x**5/20 + x**3/6 + 33*x**2/2 + 4330*x. What is p(0)?
33
Let p(l) = -4*l + 1. Let g(o) = -o + 1. Let q = 606 - 602. Let m(w) = q*g(w) - 3*p(w). Determine m(4).
33
Let f(c) be the second derivative of -c**4/12 + 3*c**2/2 - 6*c. Suppose -a = -2*p - 3, 0 = -3*a + 3*p - 0*p + 9. Give f(a).
-6
Let x(v) be the third derivative of 1/12*v**5 + 0 + 62*v**2 + 1/3*v**3 + 0*v + 1/12*v**4. What is x(-2)?
18
Let f(p) = p - 51. Let k be 55/77 + (-736)/(-224). Calculate f(k).
-47
Let k(o) be the first derivative of 2*o - 1/3*o**3 + 3/2*o**2 - 128. Give k(-2).
-8
Let p(h) be the third derivative of -h**8/20160 + h**7/720 + 11*h**6/720 + 14*h**5/15 + 7*h**2 - 2*h. Let j(n) be the third derivative of p(n). Give j(9).
-7
Suppose -9 = -3*z - 6, 0 = 4*p - 4*z + 24. Let k(x) = 11*x**2 - 24*x - 15. Let q(c) = 9*c**2 - 21*c - 14. Let b(f) = p*q(f) + 4*k(f). Determine b(10).
0
Suppose 4*a = -4, -c + 20 = 3*c - 4*a. Suppose 0 = k - w + 67, c*w - 3*w - 4 = 0. Let u = k - -66. Let s(p) = p**3 - p**2 - 4*p. Determine s(u).
6
Let k be 30 + (-13280)/440 - (-2 + (-26)/22). Let j(y) = 6*y + 51. Determine j(k).
69
Suppose -3*s - 4*h - 19 = 0, 5*h = 2*s + 9 - 27. Let i(d) = -2*d**2 + 3*d + 1. Let a(b) = b**2 + b + 1. Let l(m) = s*i(m) + 3*a(m). What is l(2)?
22
Let g(z) = 0*z - z + 2*z**2 + 8*z - 8*z - 13 + 2. Determine g(0).
-11
Let z(j) be the third derivative of -j**4/24 - 25*j**3/6 + 64*j**2. Let v be 0/(-7 - (-18)/3). Give z(v).
-25
Suppose 2*y + 29 = -340*c + 343*c, -y - 5*c = 34. Let u(f) = -f**3 - 16*f**2 + 55*f - 32. Determine u(y).
6
Suppose -x + 132 = 3*o + 49, 2*x - 172 = -4*o. Let k(u) = -13*u - 32*u + x*u - 25*u. Calculate k(1).
22
Let g(o) = -o - o**3 + 8 + 0*o**3 - o*